{"id":28,"date":"2014-08-27T18:03:17","date_gmt":"2014-08-27T16:03:17","guid":{"rendered":"http:\/\/www.alvt.net\/?page_id=28"},"modified":"2016-02-09T10:55:29","modified_gmt":"2016-02-09T08:55:29","slug":"ueber-mich","status":"publish","type":"page","link":"https:\/\/www.alvt.net\/?page_id=28","title":{"rendered":"\u00dcber Mich"},"content":{"rendered":"<ul>\n<li>2011 &#8211; 2014 Ausbildung &#8222;Fachkraft f\u00fcr Veranstaltungstechnik&#8220; bei Br\u00e4hler ICS International Congress Service, Dresden<\/li>\n<li>seit August 2014 selbstst\u00e4ndiger Veranstaltungstechniker<\/li>\n<li>Spezialisierung auf den Fachbereich Ton<\/li>\n<\/ul>\n<p>&nbsp;<\/p>\n<p>Kompetenzen:<\/p>\n<ul>\n<li>Erfahrung mit vielz\u00e4hligen Analog und Digital Mischpulten (Yamaha 01V96, Ls9, M7CL, QL- und CL-Serie \/ Soundcraft VI-Serie)<\/li>\n<li>Bereitstellen aktiver\/ passiver Tonsysteme, speziell Meyer Sound<\/li>\n<li>Aufbau und Einrichtung von Dolmetscheranlagen<\/li>\n<li>Grundkenntnisse in Netzwerktechnik<\/li>\n<li>Grundkenntnisse in Videotechnik<\/li>\n<li>Umgang mit Microsoft Office, speziell Powerpoint<\/li>\n<li>Sprachen: Deutsch, Englisch<\/li>\n<\/ul>\n","protected":false},"excerpt":{"rendered":"<p>2011 &#8211; 2014 Ausbildung &#8222;Fachkraft f\u00fcr Veranstaltungstechnik&#8220; bei Br\u00e4hler ICS International Congress Service, Dresden seit August 2014 selbstst\u00e4ndiger Veranstaltungstechniker Spezialisierung auf den Fachbereich Ton &nbsp; Kompetenzen: Erfahrung mit vielz\u00e4hligen Analog und Digital Mischpulten (Yamaha 01V96, Ls9, M7CL, QL- und CL-Serie &hellip; <a href=\"https:\/\/www.alvt.net\/?page_id=28\">Weiterlesen <span class=\"meta-nav\">&rarr;<\/span><\/a><\/p>\n","protected":false},"author":2,"featured_media":0,"parent":0,"menu_order":2,"comment_status":"closed","ping_status":"closed","template":"onecolumn-page.php","meta":[],"_links":{"self":[{"href":"https:\/\/www.alvt.net\/index.php?rest_route=\/wp\/v2\/pages\/28"}],"collection":[{"href":"https:\/\/www.alvt.net\/index.php?rest_route=\/wp\/v2\/pages"}],"about":[{"href":"https:\/\/www.alvt.net\/index.php?rest_route=\/wp\/v2\/types\/page"}],"author":[{"embeddable":true,"href":"https:\/\/www.alvt.net\/index.php?rest_route=\/wp\/v2\/users\/2"}],"replies":[{"embeddable":true,"href":"https:\/\/www.alvt.net\/index.php?rest_route=%2Fwp%2Fv2%2Fcomments&post=28"}],"version-history":[{"count":4,"href":"https:\/\/www.alvt.net\/index.php?rest_route=\/wp\/v2\/pages\/28\/revisions"}],"predecessor-version":[{"id":66,"href":"https:\/\/www.alvt.net\/index.php?rest_route=\/wp\/v2\/pages\/28\/revisions\/66"}],"wp:attachment":[{"href":"https:\/\/www.alvt.net\/index.php?rest_route=%2Fwp%2Fv2%2Fmedia&parent=28"}],"curies":[{"name":"wp","href":"https:\/\/api.w.org\/{rel}","templated":true}]}}

Über Mich

<ul>
<li>2011 &#8211; 2014 Ausbildung &#8222;Fachkraft für Veranstaltungstechnik&#8220; bei Brähler ICS International Congress Service, Dresden</li>
<li>seit August 2014 selbstständiger Veranstaltungstechniker</li>
<li>Spezialisierung auf den Fachbereich Ton</li>
</ul>
<p>&nbsp;</p>
<p>Kompetenzen:</p>
<ul>
<li>Erfahrung mit vielzähligen Analog und Digital Mischpulten (Yamaha 01V96, Ls9, M7CL, QL- und CL-Serie / Soundcraft VI-Serie)</li>
<li>Bereitstellen aktiver/ passiver Tonsysteme, speziell Meyer Sound</li>
<li>Aufbau und Einrichtung von Dolmetscheranlagen</li>
<li>Grundkenntnisse in Netzwerktechnik</li>
<li>Grundkenntnisse in Videotechnik</li>
<li>Umgang mit Microsoft Office, speziell Powerpoint</li>
<li>Sprachen: Deutsch, Englisch</li>
</ul>

<p>2011 &#8211; 2014 Ausbildung &#8222;Fachkraft für Veranstaltungstechnik&#8220; bei Brähler ICS International Congress Service, Dresden seit August 2014 selbstständiger Veranstaltungstechniker Spezialisierung auf den Fachbereich Ton &nbsp; Kompetenzen: Erfahrung mit vielzähligen Analog und Digital Mischpulten (Yamaha 01V96, Ls9, M7CL, QL- und CL-Serie &hellip; <a href="https://www.alvt.net/?page_id=28">Weiterlesen <span class="meta-nav">&rarr;</span></a></p>
